{"id":25,"date":"2016-04-26T08:09:44","date_gmt":"2016-04-26T08:09:44","guid":{"rendered":"http:\/\/bridge28.qodeinteractive.com\/?page_id=25"},"modified":"2019-03-30T18:57:02","modified_gmt":"2019-03-30T17:57:02","slug":"blog-de-fotografia-y-decoracion","status":"publish","type":"page","link":"https:\/\/www.fotos-lienzo.es\/blog\/","title":{"rendered":"Blog de Fotograf\u00eda y Decoraci\u00f3n"},"content":{"rendered":"","protected":false},"excerpt":{"rendered":"","protected":false},"author":1,"featured_media":0,"parent":0,"menu_order":0,"comment_status":"closed","ping_status":"closed","template":"blog-masonry.php","meta":{"_mi_skip_tracking":false},"yoast_head":"<!-- This site is optimized with the Yoast SEO plugin v19.10 - https:\/\/yoast.com\/wordpress\/plugins\/seo\/ -->\n<title>\u25b7 Blog de Fotograf\u00eda para aficionados y amantes de la Fotograf\u00eda<\/title>\n<meta name=\"description\" content=\"Blog de Fotograf\u00eda para todos los p\u00fablicos. Gu\u00edas, comparativas y otros art\u00edculos que te ayudaran a entender mejor el mundo apasionante de la Fotograf\u00eda.\" \/>\n<meta name=\"robots\" content=\"index, follow, max-snippet:-1, max-image-preview:large, max-video-preview:-1\" \/>\n<link rel=\"canonical\" href=\"https:\/\/www.fotos-lienzo.es\/blog\/\" \/>\n<meta property=\"og:locale\" content=\"es_ES\" \/>\n<meta property=\"og:type\" content=\"article\" \/>\n<meta property=\"og:title\" content=\"\u25b7 Blog de Fotograf\u00eda para aficionados y amantes de la Fotograf\u00eda\" \/>\n<meta property=\"og:description\" content=\"Blog de Fotograf\u00eda para todos los p\u00fablicos. Gu\u00edas, comparativas y otros art\u00edculos que te ayudaran a entender mejor el mundo apasionante de la Fotograf\u00eda.\" \/>\n<meta property=\"og:url\" content=\"https:\/\/www.fotos-lienzo.es\/blog\/\" \/>\n<meta property=\"og:site_name\" content=\"Fotos-lienzo\" \/>\n<meta property=\"article:publisher\" content=\"https:\/\/www.facebook.com\/fotoslienzo\" \/>\n<meta property=\"article:modified_time\" content=\"2019-03-30T17:57:02+00:00\" \/>\n<meta name=\"twitter:card\" content=\"summary_large_image\" \/>\n<meta name=\"twitter:site\" content=\"@fotoslienzo\" \/>\n<script type=\"application\/ld+json\" class=\"yoast-schema-graph\">{\"@context\":\"https:\/\/schema.org\",\"@graph\":[{\"@type\":\"WebPage\",\"@id\":\"https:\/\/www.fotos-lienzo.es\/blog\/\",\"url\":\"https:\/\/www.fotos-lienzo.es\/blog\/\",\"name\":\"\u25b7 Blog de Fotograf\u00eda para aficionados y amantes de la Fotograf\u00eda\",\"isPartOf\":{\"@id\":\"https:\/\/www.fotos-lienzo.es\/blog\/#website\"},\"datePublished\":\"2016-04-26T08:09:44+00:00\",\"dateModified\":\"2019-03-30T17:57:02+00:00\",\"description\":\"Blog de Fotograf\u00eda para todos los p\u00fablicos. Gu\u00edas, comparativas y otros art\u00edculos que te ayudaran a entender mejor el mundo apasionante de la Fotograf\u00eda.\",\"breadcrumb\":{\"@id\":\"https:\/\/www.fotos-lienzo.es\/blog\/#breadcrumb\"},\"inLanguage\":\"es\",\"potentialAction\":[{\"@type\":\"ReadAction\",\"target\":[\"https:\/\/www.fotos-lienzo.es\/blog\/\"]}]},{\"@type\":\"BreadcrumbList\",\"@id\":\"https:\/\/www.fotos-lienzo.es\/blog\/#breadcrumb\",\"itemListElement\":[{\"@type\":\"ListItem\",\"position\":1,\"name\":\"Home\",\"item\":\"https:\/\/www.fotos-lienzo.es\/blog\/\"},{\"@type\":\"ListItem\",\"position\":2,\"name\":\"Blog de Fotograf\u00eda y Decoraci\u00f3n\"}]},{\"@type\":\"WebSite\",\"@id\":\"https:\/\/www.fotos-lienzo.es\/blog\/#website\",\"url\":\"https:\/\/www.fotos-lienzo.es\/blog\/\",\"name\":\"Fotos-lienzo\",\"description\":\"La calidad puede ser barata\",\"publisher\":{\"@id\":\"https:\/\/www.fotos-lienzo.es\/blog\/#organization\"},\"potentialAction\":[{\"@type\":\"SearchAction\",\"target\":{\"@type\":\"EntryPoint\",\"urlTemplate\":\"https:\/\/www.fotos-lienzo.es\/blog\/?s={search_term_string}\"},\"query-input\":\"required name=search_term_string\"}],\"inLanguage\":\"es\"},{\"@type\":\"Organization\",\"@id\":\"https:\/\/www.fotos-lienzo.es\/blog\/#organization\",\"name\":\"fotos-lienzo\",\"url\":\"https:\/\/www.fotos-lienzo.es\/blog\/\",\"logo\":{\"@type\":\"ImageObject\",\"inLanguage\":\"es\",\"@id\":\"https:\/\/www.fotos-lienzo.es\/blog\/#\/schema\/logo\/image\/\",\"url\":\"https:\/\/www.fotos-lienzo.es\/blog\/wp-content\/uploads\/2013\/02\/noticias-fotos-lienzo.jpg\",\"contentUrl\":\"https:\/\/www.fotos-lienzo.es\/blog\/wp-content\/uploads\/2013\/02\/noticias-fotos-lienzo.jpg\",\"width\":1024,\"height\":565,\"caption\":\"fotos-lienzo\"},\"image\":{\"@id\":\"https:\/\/www.fotos-lienzo.es\/blog\/#\/schema\/logo\/image\/\"},\"sameAs\":[\"https:\/\/www.instagram.com\/FotosLienzo\/\",\"https:\/\/www.facebook.com\/fotoslienzo\",\"https:\/\/twitter.com\/fotoslienzo\"]}]}<\/script>\n<!-- \/ Yoast SEO plugin. -->","yoast_head_json":{"title":"\u25b7 Blog de Fotograf\u00eda para aficionados y amantes de la Fotograf\u00eda","description":"Blog de Fotograf\u00eda para todos los p\u00fablicos. Gu\u00edas, comparativas y otros art\u00edculos que te ayudaran a entender mejor el mundo apasionante de la Fotograf\u00eda.","robots":{"index":"index","follow":"follow","max-snippet":"max-snippet:-1","max-image-preview":"max-image-preview:large","max-video-preview":"max-video-preview:-1"},"canonical":"https:\/\/www.fotos-lienzo.es\/blog\/","og_locale":"es_ES","og_type":"article","og_title":"\u25b7 Blog de Fotograf\u00eda para aficionados y amantes de la Fotograf\u00eda","og_description":"Blog de Fotograf\u00eda para todos los p\u00fablicos. Gu\u00edas, comparativas y otros art\u00edculos que te ayudaran a entender mejor el mundo apasionante de la Fotograf\u00eda.","og_url":"https:\/\/www.fotos-lienzo.es\/blog\/","og_site_name":"Fotos-lienzo","article_publisher":"https:\/\/www.facebook.com\/fotoslienzo","article_modified_time":"2019-03-30T17:57:02+00:00","twitter_card":"summary_large_image","twitter_site":"@fotoslienzo","schema":{"@context":"https:\/\/schema.org","@graph":[{"@type":"WebPage","@id":"https:\/\/www.fotos-lienzo.es\/blog\/","url":"https:\/\/www.fotos-lienzo.es\/blog\/","name":"\u25b7 Blog de Fotograf\u00eda para aficionados y amantes de la Fotograf\u00eda","isPartOf":{"@id":"https:\/\/www.fotos-lienzo.es\/blog\/#website"},"datePublished":"2016-04-26T08:09:44+00:00","dateModified":"2019-03-30T17:57:02+00:00","description":"Blog de Fotograf\u00eda para todos los p\u00fablicos. Gu\u00edas, comparativas y otros art\u00edculos que te ayudaran a entender mejor el mundo apasionante de la Fotograf\u00eda.","breadcrumb":{"@id":"https:\/\/www.fotos-lienzo.es\/blog\/#breadcrumb"},"inLanguage":"es","potentialAction":[{"@type":"ReadAction","target":["https:\/\/www.fotos-lienzo.es\/blog\/"]}]},{"@type":"BreadcrumbList","@id":"https:\/\/www.fotos-lienzo.es\/blog\/#breadcrumb","itemListElement":[{"@type":"ListItem","position":1,"name":"Home","item":"https:\/\/www.fotos-lienzo.es\/blog\/"},{"@type":"ListItem","position":2,"name":"Blog de Fotograf\u00eda y Decoraci\u00f3n"}]},{"@type":"WebSite","@id":"https:\/\/www.fotos-lienzo.es\/blog\/#website","url":"https:\/\/www.fotos-lienzo.es\/blog\/","name":"Fotos-lienzo","description":"La calidad puede ser barata","publisher":{"@id":"https:\/\/www.fotos-lienzo.es\/blog\/#organization"},"potentialAction":[{"@type":"SearchAction","target":{"@type":"EntryPoint","urlTemplate":"https:\/\/www.fotos-lienzo.es\/blog\/?s={search_term_string}"},"query-input":"required name=search_term_string"}],"inLanguage":"es"},{"@type":"Organization","@id":"https:\/\/www.fotos-lienzo.es\/blog\/#organization","name":"fotos-lienzo","url":"https:\/\/www.fotos-lienzo.es\/blog\/","logo":{"@type":"ImageObject","inLanguage":"es","@id":"https:\/\/www.fotos-lienzo.es\/blog\/#\/schema\/logo\/image\/","url":"https:\/\/www.fotos-lienzo.es\/blog\/wp-content\/uploads\/2013\/02\/noticias-fotos-lienzo.jpg","contentUrl":"https:\/\/www.fotos-lienzo.es\/blog\/wp-content\/uploads\/2013\/02\/noticias-fotos-lienzo.jpg","width":1024,"height":565,"caption":"fotos-lienzo"},"image":{"@id":"https:\/\/www.fotos-lienzo.es\/blog\/#\/schema\/logo\/image\/"},"sameAs":["https:\/\/www.instagram.com\/FotosLienzo\/","https:\/\/www.facebook.com\/fotoslienzo","https:\/\/twitter.com\/fotoslienzo"]}]}},"_links":{"self":[{"href":"https:\/\/www.fotos-lienzo.es\/blog\/wp-json\/wp\/v2\/pages\/25"}],"collection":[{"href":"https:\/\/www.fotos-lienzo.es\/blog\/wp-json\/wp\/v2\/pages"}],"about":[{"href":"https:\/\/www.fotos-lienzo.es\/blog\/wp-json\/wp\/v2\/types\/page"}],"author":[{"embeddable":true,"href":"https:\/\/www.fotos-lienzo.es\/blog\/wp-json\/wp\/v2\/users\/1"}],"replies":[{"embeddable":true,"href":"https:\/\/www.fotos-lienzo.es\/blog\/wp-json\/wp\/v2\/comments?post=25"}],"version-history":[{"count":0,"href":"https:\/\/www.fotos-lienzo.es\/blog\/wp-json\/wp\/v2\/pages\/25\/revisions"}],"wp:attachment":[{"href":"https:\/\/www.fotos-lienzo.es\/blog\/wp-json\/wp\/v2\/media?parent=25"}],"curies":[{"name":"wp","href":"https:\/\/api.w.org\/{rel}","templated":true}]}}